6)*16/n is divided by 21?
19
Suppose -5*x = -4*f - 59, 47 = -2*x + 6*x - 3*f. What is the remainder when (-2 + x)/(-3)*-18 is divided by (2/(-4))/(-2*7/392)?
12
Let r(m) be the second derivative of -m**5/20 + 4*m**4/3 - 5*m**3/3 - 21*m**2/2 - m. Let n = 3 + 8. What is the remainder when r(15) is divided by n?
10
Suppose 3*k + 3*d = 204, 5*k - 568 = -3*d - 218. Suppose 2*s = z - k, 0 = -0*z + 2*z + s - 121. What is the remainder when z is divided by 17?
12
Let d(g) = g**2 + g + 2. What is the remainder when -20 + 155 + -2*4 is divided by d(5)?
31
Let i(k) = 16*k**2 + 9. Let p be i(6). Suppose 6*j - 3*j - 433 = 2*m, 5*m = -4*j + p. Calculate the remainder when j is divided by 21.
19
Let i = 7 + -1. Suppose -n = 4*l - 3*n - i, -5*n + 7 = l. Suppose 0 = -l*f + 6, j - f + 0*f = 0. Calculate the remainder when 6 is divided by j.
0
Let z(p) = 25*p + 16. Let g(s) = -8*s - 5. Let w(k) = -14*g(k) - 4*z(k). What is the remainder when 107 is divided by w(1)?
17
Let r = -3 - -7. Calculate the remainder when 70/(-4)*((-144)/15 + r) is divided by 25.
23
Let n = 11 + -9. Let l(d) = -4 + d**2 + 2 + n*d + 5 - 7. What is the remainder when l(5) is divided by 11?
9
Let g(u) = u**2 + 9*u - 169. What is the remainder when 144 is divided by g(-19)?
18
Suppose 0 = -6*k + 64 + 110. Suppose 0 = b + 4*b - 15. Suppose -2*m + 40 = b*m. What is the remainder when k is divided by m?
5
Let m = -1240 + 1283. Calculate the remainder when 429 is divided by m.
42
Let c(x) = -x + 4. Let j be -2 + 8/(-5 + 3). Suppose 114 = 2*g + g - 3*t, -4*t = 0. What is the remainder when g is divided by c(j)?
8
Suppose -5*a + 2*p + 835 - 103 = 0, 2*a - 289 = -3*p. What is the remainder when a is divided by 17?
10
Let u(l) = 2*l + 4. Calculate the remainder when 28 is divided by u(10).
4
Let t(o) = 5*o - 5. Let h be t(-5). Let d = -12 - h. Calculate the remainder when 34 is divided by d.
16
Let s be 1/(-2)*-4 + (96 - -2). Let o = -56 + s. What is the remainder when o is divided by 23?
21
Let s(h) = h**3 + 22*h**2 + 19*h - 16. Let w be s(-21). Suppose -2*j + k - w = -3*j, -j + 32 = 4*k. What is the remainder when 46 is divided by j?
22
Let c(k) = k**2 - k. Let z be c(6). Let x = 44 - z. Calculate the remainder when 793/15 - (-13)/((-390)/(-4)) is divided by x.
11
Suppose -7*k + 36*k - 551 = 0. Calculate the remainder when k is divided by 10.
9
Let c be 2/(3 + (-3)/5 - 2). Suppose -c*y + 9*y - 264 = 0. Calculate the remainder when y is divided by 18.
12
Let t = 5 - -7. Suppose 3*s - 6*b = -3*b + t, -5*s + 14 = b. Suppose 2*k - 42 = 4*w, -k + 29 = -s*w + 8. What is the remainder when k is divided by 6?
3
What is the remainder when (-1 + 0)/(11/13167*-9) is divided by 27?
25
Suppose -2*v + 2*d + 130 = 0, 5*v - 4*d = -70 + 397. What is the remainder when v is divided by 9?
4
Let b = -528 + 558. What is the remainder when 143 is divided by b?
23
Let z be 14/4 + (5 - (-9)/(-2)). Suppose 3*y - 2*c = -z*c + 220, -4*c + 292 = 4*y. Suppose -3*n = -2*n - 15. Calculate the remainder when y is divided by n.
14
Let a(b) = -3 + 9*b - 1 + 1. Suppose 0 = k + 3*m + 3, 22 = k - 12*m + 10*m. Calculate the remainder when a(4) is divided by k.
9
Suppose 0 = -h - 2, q + 2 = h + 50. Let i be -10*(21/(-2) + 2). Let t = i - q. Calculate the remainder when t is divided by 14.
11
Let t = 108 + -106. Suppose t*l = 2*w - 44, -l = 3*w + l - 46. Calculate the remainder when w is divided by 11.
7
Let f(w) = -8 + 5*w + 10 + 5. Let g be f(-2). Calculate the remainder when 4 is divided by (11/g - -3)*-6.
0
Let c(u) = u + 1. Let j be c(9). Let q = 13 + j. Calculate the remainder when q is divided by 8.
7
Suppose 7*d - 119 - 329 = 0. Calculate the remainder when d is divided by 24.
16
Let f = 228 + -191. Calculate the remainder when ((-18)/(-8))/(4/192) is divided by f.
34
What is the remainder when 53 is divided by (-9)/6 + (-17)/(-2)?
4
Let c be (0 + 10/(-2))*-1. Suppose -6 = c*d - 21. Suppose -y + 95 = 3*y + d*p, 4*y - 87 = 5*p. What is the remainder when y is divided by 6?
5
Let a(t) be the second derivative of -3*t**4 + 3*t. Let o be a(1). What is the remainder when ((-20)/6)/(4/o) is divided by 8?
6
Let q be -2 + 5 + -4 - (-99 - 2). Let v = q + -78. Calculate the remainder when v is divided by 16.
6
Let x be 2/2 - (-1 - -2). Suppose 4*t - 8*t + 660 = x. What is the remainder when t is divided by 24?
21
Suppose 2*n - n + 24 = u, 2*n = -2*u + 40. Suppose -c + u = 2*o, -29 = -5*o - 4*c + 20. Let b(d) = -d + 29. Calculate the remainder when b(o) is divided by 9.
7
Suppose -3*q - r + 0*r = -490, 3*q = 2*r + 496. What is the remainder when q is divided by 1/(-12)*-3 - (-131)/4?
32
Let b = -63 + 157. Let w = 73 - 73. Suppose 3*n = i + b, 4*n + 2*i - 112 = -w*i. Calculate the remainder when n is divided by 8.
6
Calculate the remainder when 1190/(-255)*(-195)/2 is divided by 122.
89
Let n(p) = 10*p + 93. What is the remainder when n(-4) is divided by 31?
22
Let z(x) = 18*x**2 - x - 1. Suppose -6*i + 3*i = -5*m - 4, 5*i = -2*m - 14. Let w be (2/4)/(m/4). What is the remainder when 50 is divided by z(w)?
14
Let v be 3*(2 - 2/(-3)). Suppose -3*l - 325 = -v*l. Suppose 0 = -3*f - 2*r + l, 0 = 2*f - r - 18 - 23. Calculate the remainder when 61 is divided by f.
19
Let o = -331 + 343. Suppose 5*v + 3 - 1 = 3*f, 8 = -4*v + 4*f. Let l = v + 3. What is the remainder when o is divided by l?
2
Let i = -120 + 127. Calculate the remainder when 33 is divided by i.
5
Suppose 3*v + 2*z = 179, -3*v - 5*z + 101 = -v. Let o = 146 - v. What is the remainder when o is divided by 17?
15
Suppose -2*f + 3*f - 2 = 0. Suppose -g - 3*r = -0*g + 4, 0 = -4*g - f*r + 14. Let w = 29 - 16. Calculate the remainder when w is divided by g.
3
Let l(b) = 11*b**3 - 2*b**2 + 1. Let w be l(1). Suppose -13*a + 117 = -w*a. Suppose 12 = q - 2. Calculate the remainder when a is divided by q.
11
Suppose 10*h + 205 = -168 + 443. Let k(t) = -24*t + 1. Calculate the remainder when k(-1) is divided by h.
4
Suppose -6*f + 2*f = -q + 36, 0 = q + 3*f - 71. Let w = q + -14. Calculate the remainder when w is divided by 9.
6
Let k = 2319 + -1259. What is the remainder when k is divided by 18?
16
Let r = 276 + -91. Suppose 3*j - 3*c = -113 + 248, 5*j - 233 = c. What is the remainder when r is divided by j?
44
Let a(n) be the first derivative of n**3/3 - n**2/2 - 9*n + 1. Suppose 3*r = 4*q - 5*q - 7, -q + 25 = -5*r. What is the remainder when 42 is divided by a(q)?
9
Let d be 66/(-10) + (-14)/35. Let f = -5 - d. Suppose 0 = -2*h + 5*y + 16 + 152, -3*y = f*h - 136. What is the remainder when h is divided by 25?
24
Suppose -3*k - 9 = -2*k + 3*s, 0 = 2*k + 4*s + 8. Let q(g) = -g**3 - 7*g**2 - 8*g + 4. What is the remainder when q(-6) is divided by k?
4
Let p = -27 + 27. Suppose -3*d = -15, 0*w + 2*d = -2*w + 16. Suppose b + w*b - 112 = p. Calculate the remainder when b is divided by 15.
13
Let o = -11 + 16. Calculate the remainder when 101 - o/10*4 is divided by (3/9)/((-3)/(-153)).
14
Suppose -7*w + 113 - 1 = 0. Let r(n) = -n**3 + 6*n**2 + 3*n + 3. Suppose 0 = -3*h + 10 + 2. Calculate the remainder when r(h) is divided by w.
15
Let r = 7 + 8. Suppose 0 = -3*t + 14*t - 319. What is the remainder when t is divided by r?
14
Let y(g) = g**3 - 14*g**2 + 30*g + 40. Calculate the remainder when 21 is divided by y(11).
0
Let z = -21 + 15. Let j be (-3060)/25 + z/(-15). What is the remainder when 17 is divided by (-4)/(-14) - j/14?
8
Suppose -11*k = 2*k - 39. Suppose -k*h + 5*g + 389 = 0, -4*h - 631 = -9*h + 4*g. What is the remainder when h is divided by 31?
30
Let k = 242 - 107. Let q = k - 111. Let y(i) = 2*i + 5. What is the remainder when q is divided by y(4)?
11
Suppose 51*o + 984 = 56*o + 2*q, -2*q + 592 = 3*o. What is the remainder when o is divided by 53?
37
Let l = 19 + -15. Suppose 24 = 2*a + l. Suppose 54 = -a*m + 13*m. What is the remainder when 69 is divided by m?
15
Let z be (-2)/(-12) - (-23)/6. Let v be -5*(1 - 8/z). Suppose -v*x + 124 + 11 = 0. Calculate the remainder when x is divided by 14.
13
Suppose -3*t + 10 = 2*t. Let g be t/(-4)*(-12 + 2). Suppose 216 = 5*j + g*w + 46, -10 = 2*w. Calculate the remainder when j is divided by 10.
9
Let j(l) = -l**3 - 22*l**2 - 71*l + 120. Calculate the remainder when j(-18) is divided by 52.
50
Let c = -1520 + 2166. Calculate the remainder when